ns digit of q?
3
Let b be 80/14 + (-18)/(-63). Suppose 0 = z - 2 - 1. Suppose 0 = t - 3*u - 10, 0 = -t - z*t - 5*u + b. What is the units digit of t?
4
Suppose -2*m + 100 = 5*x, x - 78 = -3*x - 2*m. What is the tens digit of x?
2
Suppose 0 = 4*z - 364 - 624. What is the units digit of z?
7
Let p(d) be the third derivative of d**5/60 - d**4/12 + 7*d**3/6 - 4*d**2. What is the units digit of p(6)?
1
Let x = -10 - -11. Let u be 2 + x - (3 - 3). Suppose -u*o + o + 44 = 0. What is the units digit of o?
2
Suppose -3*z = 5*j + 6, 2*j + z + 4 = -z. Suppose u + j*u = 0. Suppose 39 = 3*m - u*m. What is the units digit of m?
3
Let r(v) = 2*v**2 - 5*v + 8. What is the units digit of r(-6)?
0
Suppose 5*h + 34 = x, x = 2*h + 2*h + 29. What is the units digit of x?
9
Let b(w) = 1. Let s(v) = -v - 2. Let i(p) = p**3 - 5*p**2 + 4*p + 2. Let x be i(4). Let t(j) = x*b(j) - s(j). What is the units digit of t(12)?
6
Let c(a) = a**2 - a - 2. Let q be c(-2). Let n = q + -1. Suppose -n*v + 35 = 2*v. What is the units digit of v?
7
Let n be 15/10*(-16)/(-6). Suppose -13 = -a + n*w, 2*w + 1 = a - 6. What is the units digit of a?
1
Let j(q) = -q**3 - 18*q**2 - 39*q - 9. What is the hundreds digit of j(-16)?
1
Let m be 1/2 + 7/(-14). Suppose -3*r = 15, m = -2*o - 0*o - 3*r - 7. What is the units digit of o?
4
Suppose -w - 3*w = -8. Suppose 0*t = w*t - 5*n - 29, 0 = -3*t - n + 1. What is the units digit of t?
2
Let v(j) = -7*j + j**2 + 0*j**2 - 6 + 0*j**2. Let b be v(8). Suppose -26 + 2 = -3*o + b*d, -5*o + d = -40. What is the units digit of o?
8
Suppose 132 = 3*y - 0*y. Suppose 5*d - 26 = y. What is the tens digit of d?
1
Suppose x = -2*c + 13, 0 = -4*c - 3*x + 14 + 11. What is the units digit of c?
7
Suppose o + 34 = 3*o. Let t = o + -31. What is the tens digit of (1 - (3 + t)) + 0?
1
Let i(n) = -74*n**3 + n**2 + 2*n + 3. What is the tens digit of i(-1)?
7
Suppose h = 5*t - 4, -3*t + 12 = h - 8. What is the units digit of h?
1
Let a(c) = -c**3 - 3. Let q be a(0). Let p = 6 - q. What is the units digit of p?
9
Let f(r) = -r**2 - 7*r - 5. Let y(t) = -t - 1. Let s be y(5). What is the units digit of f(s)?
1
Let k(l) = -l**2 + 8*l - 5. Let n be k(4). Suppose 2*i - 2 = -3*x, 3*x - n = -i + 4*x. What is the units digit of i?
7
Suppose -6*s + 144 = -102. What is the units digit of s?
1
Let c(j) = -4 + j**3 - 9*j - 7*j**2 + 5*j**3 - 2*j**3 - 5*j**3. What is the units digit of c(-6)?
4
Let y(v) = v**3 + 7*v**2 + 11*v + 6. What is the units digit of y(-4)?
0
Let c(q) = 5*q**2 + q - 3. What is the units digit of c(-6)?
1
Suppose 0 = g - 2*f - 6, -g + 5*g - 5*f = 21. Let q be (-6)/g*(-42)/7. What is the units digit of q/6*(-8)/(-6)?
2
What is the units digit of (-4)/(7 + 1)*-98?
9
Let g = 107 + -75. What is the tens digit of g?
3
Let h be 17 + (-3 - 1)/1. Suppose n + n = 6. Let k = h - n. What is the units digit of k?
0
Let h(g) = g**3 - 8*g**2 - 9*g - 19. What is the tens digit of h(10)?
9
Suppose 4*q - 23 = 1381. What is the tens digit of q?
5
Let o(u) be the third derivative of 0 + 5/6*u**3 - u**2 + 0*u - 1/24*u**4 + 1/60*u**5. What is the units digit of o(0)?
5
Suppose -10*j + 5*j + 690 = 0. What is the tens digit of j?
3
Let s = 18 - -6. What is the tens digit of s?
2
Let m = -50 + 76. What is the tens digit of m?
2
Let p = 0 + 3. Let h(o) = 4*o + 0*o**2 + 0 - 2 + o**2. What is the tens digit of h(p)?
1
Suppose 19 = 5*s - 151. What is the tens digit of s?
3
Let y be (0 + 0)*(-6)/18. Suppose -q + 33 - 2 = y. What is the units digit of q?
1
What is the tens digit of 2 - 96/(-1 - 2)?
3
Let y = 2 - 2. Suppose 8*f = 4*f + g + 5, 3*f + 4*g - 18 = y. What is the units digit of f?
2
Let h(f) = -f**3 - 9*f**2 - 10*f - 5. Let q(t) = t**2 + 8*t + 7. Let u be q(-5). What is the units digit of h(u)?
1
Suppose g + 3 = 2*b + 7, 0 = -4*g - 5*b - 10. What is the units digit of 36/4 + (g - 0)?
9
Suppose -5*i = -8*i + 96. What is the units digit of i?
2
Suppose -5*a + 0*a = 2*g + 1, -5*a = -2*g + 29. What is the units digit of g?
7
Suppose 0 = 15*v - 2*v - 1118. What is the tens digit of v?
8
Let t be 3/1 + -4 + 3. Suppose -t*p + 2*m - 10 = -p, 0 = 2*p - 5*m + 22. What is the units digit of p/4*2/(-3)?
1
Let i(t) = 12*t**2 - t - 2. What is the units digit of i(-3)?
9
Let l = 317 + 71. What is the tens digit of l?
8
Suppose 0 = -4*v - 0*v + 20. Suppose -v*r - 4*x + 9 = 0, 6*x = -3*r + 3*x + 6. Let c(q) = 10*q**2 - 1. What is the units digit of c(r)?
9
Let u = -50 + 101. What is the units digit of u?
1
Let i(r) = 51*r**3 + r**2 - 1. Let u be i(1). Let w = u - 19. What is the units digit of w?
2
Let a = -17 + 14. What is the units digit of 3 - -2*a/(-6)?
4
Suppose 3*n + 4*r - 155 = 45, n - 92 = 5*r. What is the tens digit of n?
7
Let d = 0 - -1. Suppose -3*w = d - 58. Suppose -w = -2*s + 11. What is the units digit of s?
5
Suppose -4*u - 29 = 5*a, 3*a - 17 = 2*u + 6*a. What is the units digit of ((-4)/(-8))/(u/(-6))?
3
Suppose -b = 3*j - 262, 4*b + 4*j - 1342 + 262 = 0. What is the units digit of b?
4
Let z(g) = 2*g**2 + 4*g - 1. Let o be z(-3). Let v = 8 - 3. Suppose o + v = y. What is the units digit of y?
0
Suppose 0*a + a + 26 = 4*f, 2*f = -4*a - 14. Let c = 7 + a. What is the units digit of c?
1
Let o(v) = 3*v - 6. Let w be o(5). Suppose w*a - 60 = 4*a. What is the units digit of a?
2
What is the tens digit of (-59)/(-5) + 2/10?
1
Let d(u) = -u**2 - 13*u - 5. Let w(s) = -2*s - 6. Let c be w(-4). Let y be (-3 - (-7)/c)*-22. What is the units digit of d(y)?
7
What is the tens digit of (-285 + 2)*-1 - 1?
8
Let t = 16 + -18. Let q(l) = 0 - 4*l + 1 + 1. What is the units digit of q(t)?
0
Suppose z = -4*z. Suppose 2*g - 2*p - 52 = z, 2*g - 2*p = 7*g - 158. What is the units digit of g?
0
Let h be 21/28 - 6/8. Suppose -m - 2*x - 14 = 2*m, h = -2*m + 2*x + 4. What is the units digit of m/6*48/(-2)?
8
Suppose -909 = -5*x - 3*o, 7*o - 12*o = -3*x + 525. What is the units digit of x?
0
Suppose 0 = 5*w - 212 - 128. What is the units digit of w?
8
Suppose -5*r + 4*o = -216, 0 = -4*r - o - o + 178. What is the units digit of r?
4
Let n be (-3)/(-9) + 70/6. Suppose 3*y - n = 2*y. What is the tens digit of y?
1
Let m = -2 + 4. Suppose m*y = 4*n - 2*y + 52, -2*n = 5*y + 12. Let l = -3 - n. What is the units digit of l?
8
Suppose 0 = -2*g + 53 - 5. Suppose 0 = 2*r - 4*o - 34, 0 = 2*r + 2*o - o - g. What is the tens digit of r?
1
Let g(b) = b + 20. What is the units digit of g(-17)?
3
Let l(p) = p**2 - p - 1. What is the units digit of l(5)?
9
Let i be 50*(1 - (-3)/(-2)). Let g = -5 - i. Suppose -3*a - a + g = 0. What is the units digit of a?
5
Let y = 134 + -80. Suppose 4*c = c + y. What is the tens digit of c?
1
Let j = 164 - -37. What is the hundreds digit of j?
2
What is the units digit of ((-2)/(6/(-9)))/(15/790)?
8
Let s be (-12)/90 - (-2)/15. Suppose l - 74 = -5*t - 3*l, 4*t + 3*l - 59 = s. What is the units digit of t?
4
Let g = -47 + 75. What is the units digit of g?
8
Suppose -21 = -3*f - 3*v, -4*v = 2 + 2. What is the units digit of f?
8
Let h(j) be the third derivative of j**5/10 - j**4/24 - j**3/3 - 4*j**2. What is the units digit of h(-2)?
4
Let h be 48/10*(-20)/(-3). Suppose -5*g - 4*c = -10*g + 42, 0 = -3*g - c + h. Suppose 4*s - 2*s = g. What is the units digit of s?
5
Let s be ((-4)/(-5))/(1/5). What is the tens digit of ((-2)/s)/((-8)/160)?
1
Let v(x) = 11*x - 5. Let m be v(-5). What is the units digit of (-72)/m*10/3?
4
Suppose -4*d = 2*v - 616, 84 = -2*d - 5*v + 408. What is the tens digit of d?
5
Suppose 0 = -5*y - 3*q + 10, 2*q - 7*q = 5*y. Suppose -y*d - 10 = 20. Let k = 12 + d. What is the units digit of k?
6
Suppose 0 = -v + 2*v - 26. Let a = 41 - v. What is the units digit of a?
5
Let n(t) = -3*t - 10. Suppose 3*b + b + 4*f + 16 = 0, -4*b - f - 16 = 0. What is the units digit of n(b)?
2
Suppose 2*l = 3*y + 1 - 69, -3*y + 76 = -4*l. What is the tens digit of y?
2
Let o = 6 + -1. Suppose -o*l - 5*s = -2*l - 7, -4*s + 16 = 5*l. What is the units digit of (-12)/2*(-2)/l?
3
Let u(f) = 2 - 1 + 2*f**2 - 3*f**2 - 4*f. Let b be u(-5). Let h = b - -10. What is the units digit of h?
6
Suppose -s - 7 = -5*c, -2*s - 3*c + 22 = -c. Let u = s + 25. Suppose -2*q = -u + 5. What is the tens digit of q?
1
Suppose 164 = 4*a - 0*a. What is the units digit of a?
1
Let z(j) = -j**3 - j**2 - j + 9. Let 